 + 1079 - 36, -5*t - q + 1044 = 0. What is the units digit of t?
9
Let c = 917 + -863. What is the tens digit of c/(-9) - 8*-26?
0
Let c be (-1*21)/(21 + -24). Let w(f) = f**3 - 5*f - 10*f**2 - 5*f + c*f - 21 + 2*f**2. What is the tens digit of w(9)?
3
Let f(x) = 872*x - 942. What is the thousands digit of f(11)?
8
Let u(m) = 69*m - 23. Let t(p) = 7*p - 24. Let x be t(4). Let h be u(x). Let w = -117 + h. What is the units digit of w?
6
Let o(c) = -4*c + 3. Let w(h) = -h + 1. Let z(b) = o(b) - w(b). Let k be z(4). What is the units digit of (132/k)/(48/(-160))?
4
Let u(g) = 2*g**2 - 29*g + 0*g**2 + 34*g**3 + 24*g + 4 + 31*g**3. Let p be u(2). Suppose -12*t + p + 1086 = 0. What is the hundreds digit of t?
1
Let c = 126 - 129. What is the hundreds digit of 55*(29 + c) + (-4 - 1)?
4
Suppose -10 = 6*r + 14. Let i(p) = -4*p**3 + 6*p + 7. What is the tens digit of i(r)?
3
Let j = 8953 + -8763. Let w = 5 - 2. Suppose 0 = w*f - j - 32. What is the units digit of f?
4
Suppose 238*j = 214*j + 35928. What is the tens digit of j?
9
Let o(w) be the first derivative of 2*w**3 + 4*w**2 - 28*w + 22. Let y be o(5). Let x = y - 45. What is the units digit of x?
7
Let x = -358 - -359. What is the units digit of (680 + 1)*x - -7?
8
Suppose 3*w - 4*t - 11037 = 0, -8755 = -4*w + 3*t + 5954. What is the thousands digit of w?
3
Let f(p) = -90*p - 1. Let w(l) = -270*l - 2. Let c(b) = -11*f(b) + 4*w(b). What is the tens digit of c(-3)?
7
Let o(t) = -24*t**2 - 7*t - 5. Let r be o(-2). Let q = -30 - r. What is the units digit of q?
7
Let h(d) = -70*d - 2. Let t be h(-8). Suppose 0 = -7*q + 4*q + t. Let v = -78 + q. What is the tens digit of v?
0
Let z(a) = 12*a**2 - 14*a - 822. What is the tens digit of z(-33)?
0
Suppose 4*j - 3*w - 32 = 0, 0 = -j - 3*w - 9 + 2. Let a be 14778/22 - 144/(-528). Suppose j*x = x + a. What is the tens digit of x?
6
Suppose -v - 5286 = -5*g, 0 = -0*g - 4*g + 3*v + 4220. Let x = g + -747. What is the units digit of x?
1
Let n(x) = 0*x**3 - 155 + 165 + 6*x**2 + x**3 - 16*x. What is the tens digit of n(7)?
3
What is the hundreds digit of (6/27)/((-7)/(-310779))?
8
Let p be 6/2*29/3. Let k = p + -23. Suppose w = k*w - 465. What is the tens digit of w?
9
Suppose n - 13*n = 0. Suppose n = -l + 4, 5*i - 2*i - 956 = -2*l. What is the units digit of i?
6
Suppose 4*m + i - 343 = 0, 0 = -0*m + 4*m - 5*i - 325. Let l = m - 17. Suppose -4*o + 92 = -l. What is the tens digit of o?
4
Let h be (-5)/20*-10*6. What is the hundreds digit of (-20)/h*2676/(-8)?
4
Let t(n) = 1315*n + 783. What is the hundreds digit of t(15)?
5
Let z(y) = -247*y + 4233. What is the units digit of z(-64)?
1
Suppose 21833 + 19455 = 5*a + 3*x, 4*a - x - 33044 = 0. What is the tens digit of a?
6
Let w = -11 - -19. Let y be (-3 - (-3)/2)/(9/(-168)). Suppose m - y = -3*p - w, -m + 10 = p. What is the units digit of p?
5
Let q(v) be the first derivative of 10*v**3/3 - v**2 - 25*v + 1. Suppose 89 + 97 = -46*k + 2. What is the units digit of q(k)?
3
What is the thousands digit of (-230)/(-575)*(-1 + 3 + 29113)?
1
Let h(a) = 35*a + 3. Let r(s) = -3*s + 20. Let f be r(-7). Let k = 42 - f. What is the units digit of h(k)?
8
Suppose 0 = n + 2*n - 42. Let i(l) be the third derivative of l**4/8 + 3*l**3 - 263*l**2. What is the tens digit of i(n)?
6
Let g be (3 + (-33)/12)/(4/32). Suppose -6*j + g*t + 5 = -j, 4*j + 5*t = 37. Suppose 0*d = j*d - 285. What is the units digit of d?
5
Suppose 555163 - 32519 + 203116 = 56*o. What is the ten thousands digit of o?
1
Let b be 12942/54 + 3/(-27)*-3. What is the units digit of 8/(b/1466) - 4/(-30)?
9
Suppose 99 = -5*c - 256. Let b = 167 - 87. Let v = b + c. What is the units digit of v?
9
Suppose -6*c + 2390 = -c. Suppose 4*z = 3*z + c. Let a = z + -305. What is the hundreds digit of a?
1
Suppose -14*d + 1063 + 4005 = 0. Suppose 6145 = -357*g + d*g. What is the thousands digit of g?
1
Let q = -21805 + 46459. What is the thousands digit of q?
4
Suppose 15 = 657*u - 652*u. Suppose -3*g + 208 = x, x + 0*x = u*g + 232. What is the units digit of x?
0
What is the hundreds digit of (-620752)/(-28) + -1 + -1 + 576/252?
1
Let l(n) = 17*n**3 + 8*n**2 - 156*n - 28. What is the hundreds digit of l(12)?
6
What is the hundreds digit of ((12/66)/(3/44))/(1/5862)?
6
What is the units digit of (2 + (10775/(-20))/5)*1608/(-9)?
4
Let x = 146249 - 98787. What is the hundreds digit of x?
4
Let l(f) = -28*f + 60. Let i(q) = q**2 - 35*q - 120. Let d be i(38). What is the hundreds digit of l(d)?
2
Suppose 7*u = 3*u + 24980. Suppose 8*v - u = 1139. What is the tens digit of v?
2
Let m = 99915 - 42773. What is the thousands digit of m?
7
Suppose 0 = 5*q + 5*z + 5, -4*q + 2*z + 8 = 3*z. Suppose 4*s = -i + 272, -5*s - q*i - 2*i + 355 = 0. Suppose s = 4*f - 77. What is the units digit of f?
6
Let z(s) = 7*s**3 + 2*s**2 + 3*s - 5. Let t = -57 + 130. Let v = 76 - t. What is the units digit of z(v)?
1
Suppose 0 = 3*x - 43142 - 110926. Suppose 42*u + 14018 = x. What is the tens digit of u?
8
Let k(r) = 549*r**2 - 16*r + 55. What is the tens digit of k(3)?
4
Let a = -361 + 360. What is the units digit of (-3 + a)/((-27)/6858)?
6
Suppose 8*d - 13355 + 3003 = 0. What is the tens digit of 3/15 + -5 + d/5?
5
Let v = -5926 - -12640. What is the thousands digit of v?
6
Suppose -g - 8*j + 13298 - 492 = 0, 4*g - 51464 = -2*j. What is the ten thousands digit of g?
1
Let r(w) = -w**3 + 8*w**2 - 8*w - 9. Let u be r(7). Let q be (1 - (58 - 1)/(-1)) + -4. Let o = q - u. What is the units digit of o?
0
Let c be 2 + 6 + -4 - -37. Let l = c + -39. What is the tens digit of l/(-2)*(-8 - 22)?
3
Let g = -144 + -80. Let r = 392 + g. What is the units digit of r?
8
Suppose -4*z + 548 - 132 = 0. Let w be (-4)/26 + 116*(-536)/z. Let a = -412 - w. What is the units digit of a?
6
Let d(s) = 4*s**3 + 4*s**2 - 13*s + 5. Let q be d(8). Suppose -4*b = -13*b + q. What is the hundreds digit of b?
2
Let r(g) = g**3 - 4*g**2 + 5*g - 1. Suppose -14 = -5*n - j - 4, -2*j + 8 = 4*n. Let a be r(n). What is the units digit of (-2)/4*(3 + a - 162)?
9
Let f(l) be the second derivative of 14*l**5/5 - l**4/4 + l**3/6 - 9*l. Let j be f(3). Suppose 0 = 9*t - 3*t - j. What is the tens digit of t?
4
Let v(o) = 250*o**2 - 5*o - 4. Let p be v(-1). Suppose p + 21 = 2*n + 4*x, -4*n = 2*x - 526. Let z = 278 - n. What is the hundreds digit of z?
1
What is the thousands digit of 0 + -6 + 13 - -4246?
4
Suppose -4*n + 5*n - 135 = 0. Let b = 543 + n. What is the tens digit of b?
7
Suppose 0 = -22*s + 12628 + 27554 + 20032. What is the thousands digit of s?
2
Suppose 3*i + 12 = -i. Let r be i/(-1*(-2)/(-2)). What is the tens digit of (40/(-3))/(4 - 13/r)?
4
Let s(j) = j**2 - 7*j - 15. Let w(h) = -7*h**2 + 4*h - 3. Let p be w(1). What is the tens digit of s(p)?
6
Suppose 6*y - 8713 = 4313. What is the hundreds digit of y?
1
Let b(d) = 3490*d**2 + 81*d - 342. What is the ten thousands digit of b(4)?
5
Let k(h) = 70*h + 25. Let y be k(1). Let v be 50/6*(-2 + -1). Let c = y + v. What is the tens digit of c?
7
Let d(c) = -c**3 - 12*c**2 - 9*c + 34. Let y be d(-11). What is the hundreds digit of (y/(-21))/(-1) + 8910/63?
1
Let h be (-1 - -5) + 0/4. Suppose 9*n - 180 = 5*n. Suppose 0 = -h*y + 63 + n. What is the tens digit of y?
2
Let l = 338 - 473. Let a = -133 - l. What is the tens digit of ((-12)/a)/(6/(-255))?
5
Let x = 33795 + -13260. What is the tens digit of x?
3
Suppose -214*h + 130*h = -530964. What is the tens digit of h?
2
Let j(o) = 521*o + 15. Let g be j(-2). Let x = 1727 + g. Suppose -5*w + 710 = i + 4*i, 5*i - 5*w = x. What is the hundreds digit of i?
1
Let b(v) = -6556*v + 2629. What is the units digit of b(-6)?
5
Let z = 6406 + -4065. What is the thousands digit of z?
2
Let j = -5742 + 9895. What is the units digit of j?
3
Let x = 24851 + -17161. What is the tens digit of x?
9
What is the ten thousands digit of 82667/3 - ((-456)/(-9))/(-38)?
2
Let j = 1926 - 1116. Let y = -450 + j. Suppose y = 8*h - 3*h. What is the units digit of h?
2
Suppose -z = -5*a - 5867, -z - 7*a + 5930 = -3*a. What is the hundreds digit of z?
9
Let w = 190 + -266. Let k = 68 + w. What is the units digit of 523/4 + (-2)/k?
1
Let f(d) = -43*d + 2 - 8*d**2 + 62*d - 23*d - 16*d**3. What is the tens digit of f(-4)?
1
Let b(c) be the third derivative of -c**4/4 - 